{"id":222982,"date":"2022-05-14T18:41:26","date_gmt":"2022-05-14T18:41:26","guid":{"rendered":"https:\/\/www.paper-tech.com.pl\/?page_id=222982"},"modified":"2024-03-08T11:47:03","modified_gmt":"2024-03-08T11:47:03","slug":"nawiazanie-wpsolpracy","status":"publish","type":"page","link":"https:\/\/www.paper-tech.com.pl\/index.php\/nawiazanie-wpsolpracy\/","title":{"rendered":"Nawi\u0105zanie wsp\u00f3\u0142pracy"},"content":{"rendered":"<div class=\"b b-text cf\">\n<div class=\"b-c b-text-c b-s b-s-t60 b-s-b60 b-cs cf\">\n<p style=\"text-align: center;\"><span class=\"wnd-font-size-130\">\u00a0Paper-Tech nawi\u0105\u017ce wsp\u00f3\u0142prace z producentami oraz dystrybutorami artyku\u0142\u00f3w powi\u0105zanych z bran\u017c\u0105 w jakiej<\/span><span class=\"wnd-font-size-130\"> funkcj<\/span><span class=\"wnd-font-size-130\">onuje.<\/span><\/p>\n<\/div>\n<\/div>\n<div class=\"b b-text cf\" style=\"text-align: center;\">\n<div class=\"b-c b-text-c b-s b-s-t60 b-s-b60 b-cs cf\">\n<p><span class=\"wnd-font-size-120\">Oferty oraz zapytania prosz\u0119 kierowa\u0107 droga elektroniczn\u0105 lub telefoniczn\u0105.\u00a0<\/span><\/p>\n<\/div>\n<\/div>\n<div class=\"b b-text cf\" style=\"text-align: center;\">\n<div class=\"b-c b-text-c b-s b-s-t60 b-s-b60 b-cs cf\">\n<h2 class=\"wnd-align-center\"><span style=\"color: #ff9900;\"><a style=\"color: #ff9900;\" href=\"https:\/\/www.paper-tech.com.pl\/index.php\/kontakt-2\/\" target=\"_blank\" rel=\"noopener\"><span class=\"wnd-font-size-170\"><strong>Kontakt<\/strong><\/span><\/a><\/span><\/h2>\n<\/div>\n<\/div>\n<div class=\"b b-text cf\">\n<div class=\"b-c b-text-c b-s b-s-t60 b-s-b60 b-cs cf\">\n<h4 class=\"wnd-align-center\" style=\"text-align: center;\"><strong><span class=\"wnd-font-size-120\" style=\"color: #ff9900;\">Co zyskujesz decyduj\u0105c si\u0119 na wsp\u00f3\u0142prac\u0119 z nami?<\/span><\/strong><\/h4>\n<p style=\"text-align: center;\"><span class=\"wnd-font-size-120\">-Gwarancj\u0119 jako\u015bci oferowanych produkt\u00f3w<\/span><\/p>\n<p style=\"text-align: center;\"><span class=\"wnd-font-size-120\">-Atrakcyjne ceny produkt\u00f3w<\/span><\/p>\n<p style=\"text-align: center;\"><span class=\"wnd-font-size-120\">-Profesjonaln\u0105 obs\u0142ug\u0119 na ka\u017cdym etapie wsp\u00f3\u0142pracy<\/span><\/p>\n<p style=\"text-align: center;\"><span class=\"wnd-font-size-120\">-Szybkie terminy realizacji zam\u00f3wienia<\/span><\/p>\n<\/div>\n<\/div>\n","protected":false},"excerpt":{"rendered":"<p>\u00a0Paper-Tech nawi\u0105\u017ce wsp\u00f3\u0142prace z producentami oraz dystrybutorami artyku\u0142\u00f3w powi\u0105zanych z bran\u017c\u0105 w jakiej funkcjonuje. Oferty oraz zapytania prosz\u0119 kierowa\u0107 droga elektroniczn\u0105 lub telefoniczn\u0105.\u00a0 Kontakt Co zyskujesz decyduj\u0105c si\u0119 na wsp\u00f3\u0142prac\u0119 z nami? -Gwarancj\u0119 jako\u015bci oferowanych produkt\u00f3w -Atrakcyjne ceny produkt\u00f3w -Profesjonaln\u0105 obs\u0142ug\u0119 na ka\u017cdym etapie wsp\u00f3\u0142pracy -Szybkie terminy realizacji zam\u00f3wienia<\/p>\n","protected":false},"author":1,"featured_media":0,"parent":0,"menu_order":0,"comment_status":"closed","ping_status":"closed","template":"","meta":{"om_disable_all_campaigns":false,"_monsterinsights_skip_tracking":false,"_monsterinsights_sitenote_active":false,"_monsterinsights_sitenote_note":"","_monsterinsights_sitenote_category":0,"footnotes":""},"class_list":["post-222982","page","type-page","status-publish","hentry","grid-sizer"],"aioseo_notices":[],"_links":{"self":[{"href":"https:\/\/www.paper-tech.com.pl\/index.php\/wp-json\/wp\/v2\/pages\/222982","targetHints":{"allow":["GET"]}}],"collection":[{"href":"https:\/\/www.paper-tech.com.pl\/index.php\/wp-json\/wp\/v2\/pages"}],"about":[{"href":"https:\/\/www.paper-tech.com.pl\/index.php\/wp-json\/wp\/v2\/types\/page"}],"author":[{"embeddable":true,"href":"https:\/\/www.paper-tech.com.pl\/index.php\/wp-json\/wp\/v2\/users\/1"}],"replies":[{"embeddable":true,"href":"https:\/\/www.paper-tech.com.pl\/index.php\/wp-json\/wp\/v2\/comments?post=222982"}],"version-history":[{"count":11,"href":"https:\/\/www.paper-tech.com.pl\/index.php\/wp-json\/wp\/v2\/pages\/222982\/revisions"}],"predecessor-version":[{"id":224222,"href":"https:\/\/www.paper-tech.com.pl\/index.php\/wp-json\/wp\/v2\/pages\/222982\/revisions\/224222"}],"wp:attachment":[{"href":"https:\/\/www.paper-tech.com.pl\/index.php\/wp-json\/wp\/v2\/media?parent=222982"}],"curies":[{"name":"wp","href":"https:\/\/api.w.org\/{rel}","templated":true}]}}