{"id":223338,"date":"2023-12-26T20:38:01","date_gmt":"2023-12-26T20:38:01","guid":{"rendered":"https:\/\/www.paper-tech.com.pl\/?page_id=223338"},"modified":"2024-04-15T19:41:15","modified_gmt":"2024-04-15T19:41:15","slug":"przechowywanie-tasm-samoprzylepnych","status":"publish","type":"page","link":"https:\/\/www.paper-tech.com.pl\/index.php\/przechowywanie-tasm-samoprzylepnych\/","title":{"rendered":"Przechowywanie ta\u015bm samoprzylepnych"},"content":{"rendered":"\n<p>Zasadniczo, ta\u015bma klej\u0105ca nie powinna by\u0107 zbyt d\u0142ugo przechowywana (najlepiej zu\u017cy\u0107 j\u0105 w ci\u0105gu 12 miesi\u0119cy od daty zakupu). Z czasem, pod wp\u0142ywem takich czynnik\u00f3w, jak wahania temperatur czy te\u017c kontakt z wilgotnym powietrzem klej oraz no\u015bnik mog\u0105 traci\u0107 swoje w\u0142a\u015bciwo\u015bci u\u017cytkowe. Optymalne warunki, w jakich materia\u0142 ten powinien by\u0107 przechowywany to temperatura pokojowa i wilgotno\u015b\u0107 nie wy\u017csza ni\u017c 50%.\u00a0Je\u015bli to mo\u017cliwe nie klei\u0107 w temperaturze poni\u017cej 15\u00b0C.<\/p>\n","protected":false},"excerpt":{"rendered":"<p>Zasadniczo, ta\u015bma klej\u0105ca nie powinna by\u0107 zbyt d\u0142ugo przechowywana (najlepiej zu\u017cy\u0107 j\u0105 w ci\u0105gu 12 miesi\u0119cy od daty zakupu). Z czasem, pod wp\u0142ywem takich czynnik\u00f3w, jak wahania temperatur czy te\u017c kontakt z wilgotnym powietrzem klej oraz no\u015bnik mog\u0105 traci\u0107 swoje w\u0142a\u015bciwo\u015bci u\u017cytkowe. Optymalne warunki, w jakich materia\u0142 ten powinien by\u0107 przechowywany to temperatura pokojowa i &hellip; <\/p>\n","protected":false},"author":1,"featured_media":0,"parent":0,"menu_order":0,"comment_status":"closed","ping_status":"closed","template":"","meta":{"om_disable_all_campaigns":false,"_monsterinsights_skip_tracking":false,"_monsterinsights_sitenote_active":false,"_monsterinsights_sitenote_note":"","_monsterinsights_sitenote_category":0,"footnotes":""},"class_list":["post-223338","page","type-page","status-publish","hentry","grid-sizer"],"aioseo_notices":[],"_links":{"self":[{"href":"https:\/\/www.paper-tech.com.pl\/index.php\/wp-json\/wp\/v2\/pages\/223338","targetHints":{"allow":["GET"]}}],"collection":[{"href":"https:\/\/www.paper-tech.com.pl\/index.php\/wp-json\/wp\/v2\/pages"}],"about":[{"href":"https:\/\/www.paper-tech.com.pl\/index.php\/wp-json\/wp\/v2\/types\/page"}],"author":[{"embeddable":true,"href":"https:\/\/www.paper-tech.com.pl\/index.php\/wp-json\/wp\/v2\/users\/1"}],"replies":[{"embeddable":true,"href":"https:\/\/www.paper-tech.com.pl\/index.php\/wp-json\/wp\/v2\/comments?post=223338"}],"version-history":[{"count":4,"href":"https:\/\/www.paper-tech.com.pl\/index.php\/wp-json\/wp\/v2\/pages\/223338\/revisions"}],"predecessor-version":[{"id":224324,"href":"https:\/\/www.paper-tech.com.pl\/index.php\/wp-json\/wp\/v2\/pages\/223338\/revisions\/224324"}],"wp:attachment":[{"href":"https:\/\/www.paper-tech.com.pl\/index.php\/wp-json\/wp\/v2\/media?parent=223338"}],"curies":[{"name":"wp","href":"https:\/\/api.w.org\/{rel}","templated":true}]}}